f be h(-5). Let r = 1439 + f. What are the prime factors of r?
2, 3, 71
Let u(g) = -g + 9. Let x be u(-15). List the prime factors of (414/15)/(x/10 - 2).
3, 23
Let k(o) = -8*o + 225. Let j(c) = -c**2 + 6*c - 35. Let p be j(6). List the prime factors of k(p).
5, 101
Suppose -b = -6*b - 5, -2*y + 4*b = -116. List the prime factors of (-7244)/(-16) + 14/y.
3, 151
Let f be (-2 - -1)*(-9)/3 + 1. Suppose -3*l + 516 = f*g, 4*l + 6*g - g = 689. What are the prime factors of l?
2, 11
Let p(b) = 3*b**2 - 126*b + 101. What are the prime factors of p(43)?
2, 5, 23
Suppose -3*u + 75 - 27 = 0. Suppose 4*k + 3*x + 11 = 8, 2*k - 11 = x. Suppose -u = -k*i + 266. List the prime factors of i.
2, 47
Let j(r) = 165*r + 2414. List the prime factors of j(76).
2, 7477
Let d be (5 + 16/(-4))*-12. Let o be (-10 + 1)/(18/d). Let r = o - -49. List the prime factors of r.
5, 11
Suppose -4*p + 119966 = p + 14*p. List the prime factors of p.
2, 7, 11, 41
Let u(r) = 53*r**2 + 6*r + 42. What are the prime factors of u(-5)?
7, 191
Let j(y) = -1908*y + 1970*y + 13 - 134. List the prime factors of j(8).
3, 5
Suppose -5*a - 20*c = -24*c - 2253, 5*c = 15. Suppose 98 - a = -z. List the prime factors of z.
5, 71
Suppose 0 = -33*o + 419451 - 45198. What are the prime factors of o?
11, 1031
Let q(t) = -3*t - 16. Let k be q(-5). Let a be (-4)/(-18) - (k - 175/63). Suppose 14 = a*d - r - 25, 19 = 4*d - 5*r. What are the prime factors of d?
11
What are the prime factors of (-5)/(30/(-72117))*(475/(-57) - -11)?
2, 3, 2671
Let s = 330 - 115. List the prime factors of ((-9)/(-45)*s)/((-1)/(-13)).
13, 43
Suppose -3*g - 5*s + 56814 = 0, -s = 182*g - 186*g + 75729. List the prime factors of g.
3, 6311
Let f be ((-16)/6 - -2)/(1/(-3)). Suppose -k = -f*k + 5. Suppose -744 = -k*o - o. List the prime factors of o.
2, 31
Suppose 18*p = 11*p + 14. What are the prime factors of (1*(-25)/(-15))/(p/1116)?
2, 3, 5, 31
Suppose 26*i - 28008 + 492 = 392930. List the prime factors of i.
103, 157
Suppose 2*z = -3*z + 10, 10 = 4*x + z. Suppose 306 - 14 = x*m. What are the prime factors of m?
2, 73
Let t(g) = 171*g - 1989. What are the prime factors of t(56)?
3, 281
Suppose 28*t = 24*t - d + 29959, 0 = 2*t + 4*d - 14962. What are the prime factors of t?
3, 11, 227
Suppose b + 76 = -c + 1667, -4*b + 20 = 0. What are the prime factors of c?
2, 13, 61
Let w(u) = 4900*u**2 + 60*u + 146. What are the prime factors of w(-4)?
2, 3, 31, 421
Let b(l) = -5*l - 33. Let f be b(-9). Suppose -2*k + 2240 = f*k. What are the prime factors of k?
2, 5
Suppose -5886 = -12*o - 64902. List the prime factors of (-2 - o/8) + 24/(-32).
2, 3, 17
Let g be 2/3*9 - -716. Let x = g + -209. List the prime factors of x.
3, 19
Suppose -21 = -l + 32. Suppose l*h = 57*h + 32. List the prime factors of (6/2)/(h/(-24)).
3
Suppose -4*i - 13*p - 2888 = -9*p, -i = -2*p + 722. Let m = i - -1598. List the prime factors of m.
2, 3, 73
Let q = -128 - -211. Suppose h = 1, -3*h + 200 = 5*m - q. What are the prime factors of m?
2, 7
Let v be 10/35 - 24/(-14). Suppose -2*d = h - 44 - v, 2*d - 34 = 5*h. Let x = d - 1. List the prime factors of x.
3, 7
Let u(i) = i + 16. Suppose n + 0*m - m = 1, n + 2*m - 13 = 0. Let s be (0 + 3/(-6))/(n/(-70)). List the prime factors of u(s).
23
Let x be ((-2)/5 + (-20)/(-50))/(-4). Suppose -4*k - 2*b + 1076 + 196 = x, -4*b + 1268 = 4*k. List the prime factors of k.
11, 29
Let o(k) = 216*k - 1510. Let u be o(7). Suppose -4*s + 2*s = 0. Suppose u*a + 56 - 298 = s. What are the prime factors of a?
11
Suppose 4*v - 4*u = 5100, u - 31 + 28 = 0. List the prime factors of v.
2, 3, 71
Let o be ((-432)/(-12))/(1/6). Let s = o - 89. Let g = s - 68. What are the prime factors of g?
59
Let s be ((-42)/5)/(3/(-60)*-6). What are the prime factors of (-1388)/s + -1 + (-16)/28?
2, 3
What are the prime factors of ((-74050)/(-4))/((-65)/(-52))?
2, 5, 1481
Suppose -4*j + 104 = 9*j. Suppose -2023 = c - j*c. Suppose -4*l + 5*f + c = 0, -2*f + 78 = l + 22. What are the prime factors of l?
2, 3, 11
Suppose 170 + 211 = 3*c. Let l be (-1 - 1)/(11/242). Let z = c + l. What are the prime factors of z?
83
Let w(i) = -15*i**3 + 3*i**2 + i - 1. Let p be w(-1). Let f(h) = 23*h - 66. What are the prime factors of f(p)?
2, 151
Let q(z) = 1608*z + 119. List the prime factors of q(5).
41, 199
Suppose 0 = -727*d + 724*d - 3, -2*s + 5*d + 809 = 0. List the prime factors of s.
2, 3, 67
Suppose -80 - 82 = j. Let d be 2/((4/258*-1)/(7/(-3))). Let h = d + j. List the prime factors of h.
139
Let c be 2 + (-5)/((-10)/34). Suppose c - 7 = 3*s. Suppose 3*r - 1505 = -s*r. List the prime factors of r.
5, 43
Let z(c) = 2*c - 271. Let b be z(0). Let r = b + 729. Suppose 3*w + 143 = r. What are the prime factors of w?
3, 5, 7
Suppose 2*b - 11*i + 9*i = 678, -5*b = 5*i - 1675. Let n = b + -85. List the prime factors of n.
2, 3, 7
Suppose 3*v + 4*b - 112 - 37 = 0, -245 = -5*v - 5*b. Let g = v - 45. Let a(u) = 32*u**2 + 6*u - 9. List the prime factors of a(g).
131
Suppose 5*q = -3*s + 1674 + 127, -1440 = -4*q - 2*s. Let v = -208 + q. Suppose 0*o - v = -o. What are the prime factors of o?
151
Let u(c) = 324*c + 3513. List the prime factors of u(46).
3, 7, 877
Let w(t) = -7604*t + 755. List the prime factors of w(-1).
13, 643
Let c be (-7)/(-2) - (-3)/(-6). Let o be ((-12)/8)/((-3)/(-68)). What are the prime factors of (c + o)*(4 + -5)?
31
Let n = 1156 + -550. Suppose r - 7*r = -n. Suppose r = 2*s - 5*a, a - 55 = -s + 5*a. What are the prime factors of s?
43
Let g(f) = f**3 + 12*f**2 + 12*f - 23. Suppose 4*s = -2*p - 32, 2*s = -2*p - 44 + 18. What are the prime factors of g(p)?
3, 19
What are the prime factors of ((-24)/(-16) - 1178/4)*(-45 - 18)?
3, 7, 293
Let m(i) = 2242*i - 60. Let j be m(5). Suppose -29*v + 19*v = -j. What are the prime factors of v?
5, 223
Suppose -i + 4*l = 3, -2*l = -4*i + 8*i - 42. Suppose -11*d + i = -2. What are the prime factors of (6*(-4)/20)/(d/(-145))?
2, 3, 29
Suppose 88*n = 89*n + 4*l - 20487, l - 8 = 0. List the prime factors of n.
5, 4091
Suppose 21680 + 127260 = 110*q. What are the prime factors of q?
2, 677
Let g(b) = 955*b + 1264. What are the prime factors of g(39)?
97, 397
Let w(h) = -h**3 - 20*h**2 - 18*h + 21. Let c be w(-19). Suppose -c*o - 371 + 1837 = 0. List the prime factors of o.
733
List the prime factors of 15532/3 - (-16)/(-12).
2, 647
Let m(w) = 4*w**2 + 3*w - 38. Let n be m(7). Let d = n - 49. List the prime factors of d.
2, 5, 13
Let u(t) = 52*t**2 - 105*t + 1097. What are the prime factors of u(20)?
3, 6599
Suppose -1630910 - 350092 = -256*v - 94538. List the prime factors of v.
7369
Let b(f) be the third derivative of -f**5/60 + 13*f**4/8 - 17*f**3/2 - 76*f**2. What are the prime factors of b(25)?
13, 23
Let j be (13 + 5)*((-1)/(-3) - 0). List the prime factors of -8 + j + 876/4.
7, 31
Suppose -65*v - 34*v = -2402829. List the prime factors of v.
13, 1867
Let s(m) = -12*m**2 + 2*m + 8. Let g be s(8). Let n = g + 1249. What are the prime factors of n?
5, 101
Let k(x) = x**3 + 13*x**2 - 3*x - 181. What are the prime factors of k(21)?
2, 5, 59
Suppose 193*o + 339162 - 1436057 - 1752364 = 0. What are the prime factors of o?
3, 7, 19, 37
Let d(p) = p + 3. Let v be (-40)/(-12)*24/10. Let o be d(v). Suppose o*n = 10*n + 24. What are the prime factors of n?
2, 3
Let d = 306 - 151. Suppose d = -5*b - k, 0 = -b - 2*k - k - 31. Let m = 39 + b. What are the prime factors of m?
2
Let p(c) = -c**2 + 1. Let a(y) = -5*y**2 + y + 41. Let k(i) = a(i) - 6*p(i). List the prime factors of k(12).
191
Suppose 74*q = 56*q. Suppose 0 = 4*s - q*s + 4*t - 1532, -5*s + 1935 = t. What are the prime factors of s?
2, 97
Let p = 12383 + -4896. List the prime factors of p.
7487
Suppose 38*k - 41*k + 2448 = 0. Suppose 3544 = -k*t + 820*t. What are the prime factors of t?
2, 443
Let h be 4*(1 - 1*2/4). Let n be h/7 + 8/(-28) + 3. Suppose n*q - 157 = -2*c, 0 = 2*q - 5*c - 27 - 65. What are the prime factors of q?
3, 17
Suppose -90*p + 45272 = -23038. What are the prime factors of p?
3, 11, 23
Suppose -1 = -x + 5*k - 10, -6 = -x + 2*k. Suppose -x = d - 98. Suppose 5*i - d - 6 = -l, 5*i + 470 = 5*l. List the prime factors of l.
3, 31
Let y = 47463 - -26977. List the prime factors of y.
2, 5, 1861
Let c(x) be the third derivative of x**5/20 - 17*x**4/24 